6*z - 3852. What is q(-14)?
152
Let v(w) = -6*w - 59. Give v(-11).
7
Let d(t) = 5*t**2 - 40*t - 901. Give d(18).
-1
Let h(d) = d**2 + 929*d + 5530. Calculate h(-6).
-8
Let w(t) = -87*t - 3681. Determine w(-43).
60
Let t(b) = b**3 + 74*b**2 - 317*b - 18155. What is t(-75)?
-5
Let x(v) = -v**3 + 30*v**2 + 1893*v - 115. Calculate x(61).
7
Let q(m) = m**3 + 27*m**2 - 2382*m + 522. Give q(37).
4
Let r(a) = 20*a**2 - 22*a + 1. Give r(1).
-1
Let x(s) = -s**2 + 22*s - 137. Calculate x(16).
-41
Let m(c) = 28*c**2 - 233*c + 34. Calculate m(8).
-38
Let h(v) = 162*v - 627. Calculate h(4).
21
Let z(l) = 7*l - 51. Calculate z(-3).
-72
Let t(n) = 2*n**2 + 130*n + 1311. Determine t(-53).
39
Let a(l) = -20*l - 237. Calculate a(-11).
-17
Let k(s) = s**3 - 24*s**2 + 131*s + 23. Determine k(13).
-133
Let z(i) = -2*i**2 - 29*i - 36. Calculate z(-9).
63
Let z(w) = -109*w**2 - 2*w + 2. Determine z(0).
2
Let z(c) = -4*c**3 + 739*c**2 + 215*c - 5552. Give z(185).
-2
Let t(w) = -2679*w - 26801. Give t(-10).
-11
Let q(f) = -f**2 + 8*f + 13. What is q(8)?
13
Let q(v) = 145*v + 700. What is q(-5)?
-25
Let x(t) = 2*t**2 - 34*t + 162. Calculate x(21).
330
Let o(i) = 2722*i + 2719. Calculate o(-1).
-3
Let m(a) = -a**2 + 54*a - 526. Determine m(40).
34
Let k(b) = -223*b + 1346. Give k(6).
8
Let j(a) = 2*a**2 + 58*a - 452. What is j(-34)?
-112
Let x(l) = 4*l**2 - 267*l - 63. What is x(67)?
4
Let w(s) = 2*s**3 - 70*s**2 + 11*s - 6. Give w(35).
379
Let u(r) = -r**3 - 5*r**2 + 42*r - 61. What is u(3)?
-7
Let u(x) = -126*x + 577. Calculate u(4).
73
Let p(b) = 807*b - 16941. Calculate p(21).
6
Let m(u) = 334*u - 15706. Determine m(47).
-8
Let l(h) = -82*h - 236. Calculate l(-3).
10
Let t(g) = g**3 - 8*g**2 + 14*g - 238. Give t(9).
-31
Let y(l) = -7*l + 1131. Calculate y(153).
60
Let s(n) = n**2 - 30*n - 87. Give s(33).
12
Let k(q) = -184*q + 3332. What is k(18)?
20
Let t(y) = y**2 - 38*y. What is t(37)?
-37
Let u(b) = -12*b + 249. Calculate u(6).
177
Let g(i) = -i**3 - 11*i**2 + 25*i + 30. Give g(-13).
43
Let b(z) = -234*z - 18. Determine b(1).
-252
Let r(d) = -42*d + 1272. Determine r(30).
12
Let z(g) = 4*g + 22. Give z(-15).
-38
Let x(l) = -l**2 + 34*l + 62. What is x(34)?
62
Let t(s) = 376*s + 7977. What is t(-21)?
81
Let v(t) = -8*t**2 - 54*t - 61. Give v(-5).
9
Let s(t) = -t**3 + 51*t**2 + 1801*t + 21. Determine s(-24).
-3
Let v(l) = 645*l + 4506. Give v(-7).
-9
Let i(m) = 13*m - 35. Calculate i(5).
30
Let o(s) = s**3 + 293*s**2 + 19826*s + 746. Calculate o(-187).
-2
Let b(y) = 48*y**2 + y + 13. Determine b(-3).
442
Let s(u) = 3*u**3 - 200*u**2 - 58*u - 489. Give s(67).
114
Let k(s) = -19*s**2 + 408*s - 184. What is k(21)?
5
Let m(t) = -t**3 - 49*t**2 - 5*t - 224. What is m(-49)?
21
Let a(o) = -50*o + 4347. What is a(87)?
-3
Let w(u) = -u**3 + 2*u**2 - 12*u - 584. Give w(0).
-584
Let v(c) = -4*c**3 + 81*c**2 - 60*c + 790. Determine v(20).
-10
Let w(o) = -947*o + 7566. What is w(8)?
-10
Let b(q) = 15*q + 101. Determine b(-7).
-4
Let b(i) = -i**2 - 92*i + 1512. Calculate b(-107).
-93
Let u(j) = -5*j + 26. Calculate u(3).
11
Let i(q) = -47*q**3 + 2*q**2 + 3*q + 2. Calculate i(-1).
48
Let y(v) = 8*v**2 + 58*v + 54. Determine y(-7).
40
Let h(r) = -r**3 + 6*r**2 + 16*r - 19. Give h(7).
44
Let t(q) = -q**3 + 14*q**2 - 13*q - 89. Give t(13).
-89
Let q(o) = -20*o - 372. Give q(-20).
28
Let g(z) = -z**3 + 3*z**2 + 4*z - 20. Determine g(0).
-20
Let v(m) = -3*m**2 + 22*m + 741. Give v(19).
76
Let f(l) = 2*l**3 + 2*l**2 + 4*l + 8. Determine f(-4).
-104
Let u(w) = -w**3 - 120*w**2 - 1296*w + 16. Calculate u(-108).
16
Let c(m) = -558*m + 997. Calculate c(2).
-119
Let u(j) = -12*j**2 - 126*j - 17. Calculate u(-11).
-83
Let u(h) = 15*h**2 - 1429*h + 312. What is u(95)?
-68
Let s(t) = 3*t**2 - 20*t + 3. Determine s(-6).
231
Let b(t) = t**3 + 7*t**2 - 40*t - 118. What is b(-9)?
80
Let y(h) = -h**3 + 5*h**2 - 33*h - 329. Calculate y(-8).
767
Let z(g) = 92*g + 1923. Give z(-20).
83
Let s(l) = 176*l - 1591. Determine s(9).
-7
Let c(g) = 270*g - 1080. What is c(4)?
0
Let a(f) = -342*f - 3308. What is a(-10)?
112
Let c(y) = 11*y + 96. What is c(-12)?
-36
Let j(y) = -y**3 + 10*y**2 - 9*y - 9. Calculate j(3).
27
Let p(c) = -6*c**2 + 86*c + 279. Determine p(17).
7
Let o(w) = -w**2 + 32. What is o(8)?
-32
Let u(s) = -s**2 - 12*s + 93. Give u(6).
-15
Let x(n) = 3*n**2 - 28*n + 8. What is x(8)?
-24
Let q(i) = 3*i**3 + 100*i**2 - 84*i - 513. Calculate q(-34).
31
Let j(s) = 21*s**2 - 717*s + 716. What is j(1)?
20
Let n(q) = -1905*q - 3816. Calculate n(-2).
-6
Let x(c) = -15*c**3 - 5*c**2 + 3*c + 4. Give x(2).
-130
Let w(y) = 23*y - 99. Give w(7).
62
Let d(m) = -3*m**2 - 7*m + 41. Calculate d(3).
-7
Let w(f) = -871*f + 25262. What is w(29)?
3
Let d(s) = -2*s**3 - 62*s**2 + 4*s + 82. What is d(-31)?
-42
Let s(j) = 29*j + 1045. Calculate s(-53).
-492
Let d(s) = 1031*s + 10329. Determine d(-10).
19
Let i(n) = 49*n - 137. What is i(7)?
206
Let x(a) = -a**3 + 9*a**2 - 9*a + 17. What is x(6)?
71
Let j(r) = 244*r - 4367. What is j(18)?
25
Let c(n) = -7*n - 486. Calculate c(-67).
-17
Let n(d) = -14*d**2 + 382*d + 2256. Calculate n(-5).
-4
Let b(v) = -1282*v + 1295. What is b(1)?
13
Let f(a) = -16*a**2 - 7*a + 87. Calculate f(5).
-348
Let u(n) = 5*n**2 - 29*n + 42. Give u(10).
252
Let f(g) = g - 18. Give f(18).
0
Let f(v) = -v**3 - 34*v**2 + 45*v + 75. Calculate f(-35).
-275
Let i(w) = 1357*w - 43428. Determine i(32).
-4
Let k(v) = -v**2 - 42*v + 245. What is k(-48)?
-43
Let v(d) = -d**2 - 3*d + 828. Determine v(-29).
74
Let j(x) = -x**3 + x**2 + 27*x - 11. Give j(-6).
79
Let h(u) = u**2 + 106*u + 1498. Determine h(-17).
-15
Let q(t) = -t**3 - 16*t**2 + 32*t - 35. Give q(-18).
37
Let r(f) = f**3 + 15*f**2 + 19*f - 30. What is r(-10)?
280
Let b(x) = 202*x - 4418. Give b(22).
26
Let w(y) = -23*y + 1437. Determine w(63).
-12
Let a(d) = -381*d + 792. Give a(2).
30
Let j(l) = -108*l - 1113. Determine j(-9).
-141
Let a(z) = -66*z**2 + 3235*z - 13. What is a(49)?
36
Let t(p) = 2*p**3 - 14*p**2 - 18*p - 3. Determine t(-1).
-1
Let z(b) = 209*b + 7. Determine z(0).
7
Let w(l) = -l**3 + l**2 + 20*l - 4. Give w(5).
-4
Let b(x) = 27*x**2 - 1486*x + 47. Determine b(55).
-8
Let s(k) = -k**2 - 69*k + 7300. What is s(-126)?
118
Let c(s) = -s**2 + 44*s + 44. What is c(58)?
-768
Let b(y) = -10*y**2 + 49*y - 50. Determine b(4).
-14
Let d(i) = 186*i + 21. Calculate d(-2).
-351
Let w(d) = -9*d**2 + 132*d - 83. What is w(13)?
112
Let q(p) = -p**3 - 5*p**2 + 112*p - 91. Determine q(8).
-27
Let y(t) = 2*t**3 - 12*t**2 - 10*t + 109. Calculate y(5).
9
Let o(a) = 11*a - 53. Give o(13).
90
Let j(m) = -18*m**2 + 24*m + 49. What is j(-2)?
-71
Let b(c) = 2*c**3 - 80*c**2 - 85*c + 127. Determine b(41).
4
Let u(f) = 85*f**2 + 3741*f - 28. What is u(-44)?
-72
Let c(u) = -u**3 - 27*u - 136. Calculate c(-5).
124
Let v(w) = 4*w**3 - 433*w**2 - 324*w - 410. Calculate v(109).
-83
Let o(t) = -4*t**3 + 22*t**2 + 6*t + 3. Calculate o(5).
83
Let f(m) = -m**2 - 54*m + 837. Determine f(13).
-34
Let l(t) = -9*t**2 + 249*t + 1. Determine l(30).
-629
Let p(z) = 6*z**2 - 20*z - 434. What is p(11)?
72
Let p(y) = 66*y + 402. What is p(-7)?
-60
Let a(o) = o**3 + 37*o**2 + 83*o - 676. Calculate a(-34).
-30
Let t(q) = 25*q - 266. What is t(10)?
-16
Let l(c) = c**3 - 129*c**2 + 3105*c - 122. Calculate l(97).
-25
Let y(u) = -u**3 + u**2 - 45*u + 197. Determine y(4).
-31
Let q(f) = f**3 - 7*f**2 - 11*f + 22. Determine q(5).
-83
Let w(f) = -201*f + 32522. What is w(162)?
-40
Let p(c) = -c**2 - 38*c - 352. Determine p(-37).
-315
Let i(x) = 2*x**3 + 46*x**2 + 22*x + 1719. Determine i(-24).
39
Let g(n) = -n**2 + 22*n - 199. Calculate g(9).
-82
Let i(l) = l**2 + 3*l - 31. Determine i(-11).
57
Let d(o) = -26*o**2 - 795*o + 4020. Give d(-35).
-5
Let z(c) = 15*c - 57. What is z(4)?
3
Let l(t) = 1506*t + 4524. Calculate l(-3).
6
Let y(q) = 161*q + 357. Calculate y(-2).
35
Let f(z) = 2*z**2 + 2*z - 19. What is f(-7)?
65
Let o(x) = 34*x**2 - 60*x - 22. What is o(2)?
-6
Let g(v) = -81*v - 339. Give g(-4).
-15
Let q(g) = g**3 - 26*g**2 + 163*g - 498. Calculate q(19).
72
Let o(g) = g**3 + 13*g**2 + 95*g + 322. Determine o(-6).
4
Let l(w) = 59*w - 1063. What is l(18)?
-1
Let i(x) = 21*x - 1339. Determine i(63).
-16
Let v(n) = 71*n - 2837. Calculate v(40).
3
Let n(z) = -z**3 + 18*z**2 